 3*l**2 + 3*l + 6. Let g(x) = -5*o(x) + 4*u(x). Let w be g(5). Let n = -12 + w. What are the prime factors of n?
2, 3
Let t(l) = -l + 7. Let k be t(0). Let c be (-10)/3*30/25. Let y = k + c. What are the prime factors of y?
3
Suppose 0 = -3*v - 5*f + 72, -f = 5*v + 4*f - 130. What are the prime factors of v?
29
Let p(m) = m + 18. Let g be p(-8). Suppose -g*j - 12 = -14*j. List the prime factors of j.
3
Let q = -6 - -11. Suppose -5*d + 21 + 20 = 3*r, 55 = q*r + 5*d. What are the prime factors of r?
7
Suppose 4*c = c + 42. Suppose -3*n - c = 10. What are the prime factors of (-2)/n - (-140)/16?
3
Suppose 2*n + 4*r = 7*r + 657, 0 = 5*n + 2*r - 1690. What are the prime factors of n?
2, 3, 7
Suppose 14*r - 2100 = 2*r. What are the prime factors of r?
5, 7
Suppose 5*f - 5*w - 300 = 0, -2*f = 4*w - 13 - 131. Let g be (f/40)/((-1)/5). Let v = 3 - g. What are the prime factors of v?
11
Let v(d) = -d + 2. Let j(h) = -h + 1. Let z be j(-2). Let x be v(z). What are the prime factors of (-10)/6*(x + -2)?
5
Suppose -493 = -4*t + 131. Suppose -u = 3*u + t. Let v = -27 - u. List the prime factors of v.
2, 3
Suppose 0 = 2*i + a - 24, a = 4*i - 29 - 13. What are the prime factors of (0 + i)/((-1)/(-2))?
2, 11
Suppose -n = -4*n - 18. Let u(y) = -4*y - 4. List the prime factors of u(n).
2, 5
Let o = 1 + 1. What are the prime factors of (o + -1)/(2/16)?
2
Let h = 18 - 1. Suppose 4*n = h + 159. Suppose z = 5*z - n. What are the prime factors of z?
11
Let n = -16 - -10. Let l = -30 + 15. List the prime factors of 66/10 + n/l.
7
Let p be (5/2 - -1)*12. Suppose 5*g - 2*r - p = 0, 2*r + 0*r - 18 = -g. List the prime factors of g.
2, 5
Let p = 8 + -6. Suppose 3*m + 3 = -4*x, 5*x + m = p + 8. Suppose -2*c = 2*a + 8 - 20, -x*a - 2*c = -19. List the prime factors of a.
7
Let s(l) = 3*l - 2. Let z(v) = 2*v - 1. Let k(y) = -4*s(y) + 7*z(y). List the prime factors of k(11).
23
Suppose 33 = 5*v + 8. Suppose -m + v*g = 51, -m - 114 = 3*m - 2*g. List the prime factors of m/(-6) - 12/(-18).
5
Suppose -12 = -0*m + 4*m, -4*j = -2*m - 46. What are the prime factors of j?
2, 5
List the prime factors of 14/(0 + (-4)/(-6)).
3, 7
Let w be 0 - (-1)/((-2)/(-18)). Let l = w - 4. Suppose n + l = -3*h, 0 = -5*n + 2*n - 4*h + 5. List the prime factors of n.
7
Let g(t) = 3*t**2 - 2*t - 1. Let v be g(-1). Suppose 3 = v*l - 37. What are the prime factors of l?
2, 5
Let k = -9 + 19. Suppose -4*s + k = -3*v - 146, 5*s - 195 = 4*v. What are the prime factors of s?
3, 13
Let i(l) = l + 5. Let j = 3 - 3. Let m be i(j). Suppose -4*g + m = -3*g. What are the prime factors of g?
5
What are the prime factors of ((-2)/(-6))/((-2806)/702 + 4)?
3, 13
Suppose -3*w - 107 = -3*q + 2*q, 5*q + 20 = 0. Let v = -22 - w. Suppose v = z + 4*z. List the prime factors of z.
3
Let i be (-4)/5*(-2 + 7). Let d(q) = 2*q**2 + 5*q + 4. What are the prime factors of d(i)?
2
Let f(h) = 2*h + 11. Let n be f(-5). Let y(i) be the first derivative of 3*i**4 + i**2 - i - 1. List the prime factors of y(n).
13
Suppose -4*f + 7 = -5. Suppose 0 = 2*z + f*z + 15. Let y = z - -9. What are the prime factors of y?
2, 3
Suppose 528 = 3*y + 5*y. What are the prime factors of y?
2, 3, 11
Let r be 382/18 + 4/(-18). Suppose 4*l + 46 = -2. Let p = r + l. List the prime factors of p.
3
Let c = 80 + -54. Suppose n - 2*n + 6 = 0. Suppose n = -4*i + c. List the prime factors of i.
5
Let i = -5 + 8. Let o(p) = -p**3 + 4*p**2 + 4*p - 1. Let m be o(3). Suppose -b = i*b - m. What are the prime factors of b?
5
Let c(m) = -27*m**3 - 2*m**2 + 1. List the prime factors of c(-1).
2, 13
Let w = 3 + 1. Suppose 3 + 2 = 5*k. What are the prime factors of 40/12*(w - k)?
2, 5
Suppose 10*n - 5*n = 285. Suppose 0*o - 3*o = -n. List the prime factors of o.
19
Suppose -2*j = 4*j - 144. List the prime factors of j.
2, 3
Let v = 8 + -4. Suppose v*a - 19 = 1. What are the prime factors of a?
5
Suppose -77 = 8*v - 15*v. What are the prime factors of v?
11
Let w = 0 - -3. Suppose 31 + w = 4*n - 2*a, 0 = 5*n - 4*a - 35. List the prime factors of n.
11
Suppose 6*t - 3*t = 18. Let m(g) be the third derivative of -g**6/120 + g**5/12 + g**4/4 + g**3/3 - g**2. List the prime factors of m(t).
2
Suppose 14 - 58 = -11*l. List the prime factors of l.
2
Let s = -9 - -9. Suppose s = 2*t - t - 12. Suppose 0 = -x + 8 + t. List the prime factors of x.
2, 5
Suppose 3*d - 5*d - 8 = 0. Let y be d/16 - 131/4. Let m = -18 - y. What are the prime factors of m?
3, 5
Suppose 3*g - 6*g - 36 = 0. Let u = g - -24. What are the prime factors of u?
2, 3
What are the prime factors of (-2559)/(-57) - (-16)/152?
3, 5
List the prime factors of (2 - 463/(-6)) + 3/(-18).
79
Let v(b) = -b + 2. Let j(w) = 1. Let k(a) = -3*j(a) + v(a). Let t be k(-8). Suppose 2*c - 3*c + t = 0. List the prime factors of c.
7
Suppose -y - 4*y = -c - 14, -4*y = c - 4. List the prime factors of y.
2
Let h(p) = -2*p - 7. Suppose -4*a - 10 - 18 = 0. List the prime factors of h(a).
7
Suppose -2*q + 6 = q. Let m be 16/2 + q + -1. Suppose o + 1 - m = 0. What are the prime factors of o?
2
Let n = -5 + -8. List the prime factors of 1/(2 + -3)*n.
13
Suppose -2*m + 5*m = 78. What are the prime factors of m?
2, 13
Let c(j) = -5*j**3 + 4*j**2 + j - 8. What are the prime factors of c(-3)?
2, 5
Let g = 16 + -11. Suppose -g*q - 30 = 10. What are the prime factors of 2*1/(-4)*q?
2
Let u be (3/9)/(1/15). Suppose u*w - 25 = -l, w - 27 = -3*l - 2*w. List the prime factors of l.
5
Suppose -2*h = -0*h. Suppose h = -4*g - 4 + 44. What are the prime factors of g?
2, 5
Suppose 0 = -3*v - 2*v + 60. List the prime factors of v.
2, 3
Suppose -2*t + 12 = 2*t, 4*t = 5*f - 283. List the prime factors of f.
59
Suppose -2*k + 6 = -4. Let j = 11 - k. What are the prime factors of j?
2, 3
Suppose 12 = 4*s, -3*a + 2*s + 6 = a. Suppose -5*v + 2*y + 32 = 0, -4*v + 28 = -2*v + a*y. What are the prime factors of v?
2
Let u = -14 + 29. Let k = 31 - u. What are the prime factors of k?
2
Suppose 2*t + 2 = t. What are the prime factors of 1/(t*(-1)/28)?
2, 7
Let j = 1 - 3. List the prime factors of 59/3 - j/6.
2, 5
Let f = 11 - 0. List the prime factors of f.
11
Let y be 3/(-3*(-2)/(-4)). Let i be ((-11)/y)/(1/(-2)). Let a = i - -21. What are the prime factors of a?
2, 5
Suppose c - 5*d = -10, -3*c + 12 = -2*d + d. Suppose -c*j - 15 + 75 = 0. List the prime factors of j.
2, 3
Let r(j) be the first derivative of j**3/3 + 3*j**2 + 4*j - 5. What are the prime factors of r(-8)?
2, 5
Let v(p) be the second derivative of -p**3/6 - 5*p**2/2 + p. Let c be v(-8). Suppose -2*j = -w - c*w + 14, -5*w = -4*j - 10. List the prime factors of w.
2, 3
Let k = -18 - -45. List the prime factors of k.
3
Suppose 0 = -4*s - s + o + 210, 0 = -5*s + 4*o + 210. Let y = s - 20. List the prime factors of y.
2, 11
Let b(o) = -3*o + 2. Let u be b(2). Let m(x) = -x**3 - 3*x**2 + 5*x. Let f be m(u). List the prime factors of ((-6)/f - -2)*2.
7
Suppose -3 - 17 = -5*s. Suppose 0 = s*j - 41 + 9. List the prime factors of j.
2
Let n(l) = -l**3 - 5*l**2 + 6*l + 2. Let c be n(-6). Suppose a - o - 14 = 0, -9 = c*o + 1. Suppose -2*d + a = -9. What are the prime factors of d?
3
Suppose -g - 2*i = -107, -2*i - 377 = -5*g + 218. What are the prime factors of g?
3, 13
Let s = -1 - -1. Let f be (-3)/(-3 - -6) - -4. Suppose s = f*v - 29 - 4. What are the prime factors of v?
11
Let i = 81 + -49. Suppose -128 + i = -2*w. List the prime factors of w.
2, 3
Suppose 2*l = 4*j + 30, l - 4*j - 47 = -2*l. List the prime factors of l.
17
Suppose -6*d + 2*d = 0. Let t(n) = -n**3 + n**2 - n + 4. What are the prime factors of t(d)?
2
Let h(i) = -i**3 + 27*i**2 - 20*i - 22. What are the prime factors of h(26)?
2, 67
Suppose 1158 = -29*o + 32*o. What are the prime factors of o?
2, 193
Let i(c) = c**2 - 6*c + 2. Let f be i(6). Suppose 3*d - 4*a - 28 = 0, -f*d - 5 = -3*a - 25. List the prime factors of d.
2
Let p(h) = h**3 + 7*h**2 + 6*h - 7. Suppose -4*v = -5*v - 5. What are the prime factors of p(v)?
13
Suppose g + 2 - 4 = 0. Suppose -12 = 4*c + g*y + 2*y, -2*c - 3*y - 6 = 0. Let x = c + 11. What are the prime factors of x?
2
Let w = -27 + 38. Suppose f - 2*t = 5 + w, -3 = -3*t. List the prime factors of f.
2, 3
Let z be 1*(-3 - -2 - -1). Suppose z = o - 4*a - 38, -54 = -3*o - 6*a + 3*a. List the prime factors of o.
2, 11
S